169 + a/((-20)/(-8) - 2) is divided by 28.
27
Suppose 11*l - 9*l + 19*l = 1974. Calculate the remainder when 344 is divided by l.
62
What is the remainder when 686 is divided by 10*12/(-30) - 272/(4/(-2))?
26
Let z = -3040 - -3727. What is the remainder when z is divided by 52?
11
Let z(i) = -356*i + 24. Let j be z(-2). Suppose 11*d + 131 - j = 0. What is the remainder when d is divided by 12?
7
Let q(n) = -3*n + 47. Let w be q(15). Suppose -10*d + w*d + 336 = 0. Let h = d - 14. What is the remainder when h is divided by 8?
4
Suppose 10 = 5*p + 5*c, 0 + 8 = 4*p - c. Suppose 41 = p*h - 4*z + 3*z, 0 = 5*h - z - 104. What is the remainder when 38 is divided by h?
17
Let z = -20856 + 20882. Suppose 170 + 335 = 5*u. Calculate the remainder when u is divided by z.
23
Let b(g) = -2*g**2 + 134*g + 5017. What is the remainder when b(80) is divided by 246?
231
Suppose 0 = 41*s - 143*s + 13668. Calculate the remainder when s is divided by 62.
10
Suppose -141*u + 13723 = -11798. Calculate the remainder when 369 is divided by u.
7
Suppose -1162 = -87*a + 317. What is the remainder when 21603 is divided by a?
13
Let n = -2334 - -14582. What is the remainder when n is divided by 245?
243
Let p(z) = 60*z - 3. Suppose -2*x = -5*j + 2*j + 8, j = -5*x + 14. Suppose 49*k = 31*k + 432. Calculate the remainder when p(x) is divided by k.
21
Suppose -656 = -f - 7*f. Let u = 361 - -46. What is the remainder when u is divided by f?
79
Suppose -3*a - 21 = 5*y - y, 0 = -a - 3*y - 12. Calculate the remainder when (-34)/(a + 30/12) is divided by 14.
12
Let l(g) = g**3 + 10*g**2 - 50*g + 1. Suppose -32 = 3*x + 106. Let j = 94 + x. What is the remainder when j is divided by l(4)?
23
Let r(h) = -16*h + 19 - 27*h + 28*h. Let u = 16 - 6. What is the remainder when r(0) is divided by u?
9
Let t(s) = s**2 - 3*s + 2. Let z = -5241 + 5741. What is the remainder when z is divided by t(-5)?
38
Let t be (-3 - -3) + (6 - -315*1). Let v = t + -92. Calculate the remainder when v is divided by 33.
31
Suppose -22 = -6*k + 74. Suppose 4*x - k = 48. Suppose -47 = -3*n + x. What is the remainder when 104 is divided by n?
20
Let i = -831 - -847. Suppose 24*v - 26*v = -186. Calculate the remainder when v is divided by i.
13
Let f = 151 + 123. Suppose 5*r - 4*y = 150 + f, 5*r - y = 421. Suppose 3*l = 4*b - 2*b + r, 0 = -b. What is the remainder when 110 is divided by l?
26
Let z(p) = 356*p - 997. What is the remainder when 637 is divided by z(3)?
69
Let x(w) = -w**2 + 8*w - 7. Let l be x(6). Suppose m + 9 = l*d, m + 7 = 3*d + 2. What is the remainder when 62 is divided by (d + -13 + -1)*(-77)/44?
20
Let m = 391 + -378. Suppose m*r - 18*r = -4*u + 25, 0 = 4*r + 4. Calculate the remainder when 69 is divided by u.
4
Let x be (29/(-2)*1)/((-9)/54). Let v = 96 - x. Calculate the remainder when 24 is divided by v.
6
Let j(g) = -365*g + 5367. What is the remainder when j(-8) is divided by 22?
15
Let i = -934 - -1022. Calculate the remainder when i is divided by 85.
3
Let a = -1218 - -1237. What is the remainder when 52 is divided by a?
14
Let y(v) = 30*v**2 - 68*v + 76. What is the remainder when y(7) is divided by 7?
6
Suppose 3*n + 3*w = 2337, -865 + 71 = -n + 4*w. Calculate the remainder when n is divided by 391.
0
Suppose 3*a - 21*l = -19*l - 69, -15 = a + 2*l. Let u(z) = -2*z**2 - 44*z - 37. Let h = 23 - 9. Calculate the remainder when h is divided by u(a).
4
Let m(o) = 5*o**2 - 10*o + 57. Let u(a) = -a**2 - 1. Let j(d) = m(d) + 6*u(d). What is the remainder when j(-9) is divided by 13?
8
Let w(y) = y**3 + y**2 - 29*y - 3. What is the remainder when 234 is divided by w(5)?
0
Let d(q) = -34*q**2 + 1362*q - 77. Calculate the remainder when 94 is divided by d(40).
1
Suppose -8*j + 3*j + 40 = 0. Let c(y) = 18*y**2 + 14 + j + y**3 + 14*y - 3*y**2. Calculate the remainder when c(-14) is divided by 13.
9
Suppose -3*g + 552 = -6*g. Let d(a) = 86*a - 848. What is the remainder when d(11) is divided by g/(-18) + 2/(-9)?
8
Let n(w) = w**3 - 30*w**2 + 97*w + 324. What is the remainder when n(43) is divided by 24?
20
Let n(t) = -4268*t**3 + 30*t**2 + 60*t + 13. What is the remainder when n(-2) is divided by 122?
119
What is the remainder when (-211 + 205)/(4/(-174)) is divided by 115?
31
Suppose 3*y - 35 + 14 = 0. Let c(i) = -i**2 + 10*i - 31. Let a be c(y). Let r = a + 20. What is the remainder when 36 is divided by r?
6
Suppose -3*o = 5*f + 41, 0*f - 3*f - 33 = 3*o. Let u(s) = 11 - 47*s**2 + 48*s**2 + 25*s - 24*s. What is the remainder when u(o) is divided by 19?
15
Let j(n) = 2*n**3 + 18*n**2 - 3*n - 83. Calculate the remainder when j(-8) is divided by 26.
17
Suppose 10*j + 829 = 5309. Calculate the remainder when j is divided by 57.
49
Let v be -198*(-4)/24*4. Let h = 142 - v. Calculate the remainder when 16 is divided by h.
6
Suppose -5*g - 389 - 2799 = n, -3198 = 5*g - 4*n. Let u = -356 - g. Calculate the remainder when u is divided by 73.
63
Let r = 905 - 760. Let m(b) = b**2 + 20*b + 3. What is the remainder when r is divided by m(-20)?
1
Let i be -281 + (0 - 2/1). Let p = i + 318. What is the remainder when 347 is divided by p?
32
Suppose -3*w + 42728 = 44*w - 19*w. What is the remainder when w is divided by 30?
26
Let k = 30524 - 28553. What is the remainder when k is divided by 653?
12
Suppose b - 8 = -g + 5*g, -2*b + 11 = -3*g. Suppose 234*k = 247*k - 195. Let j = k - b. What is the remainder when 18 is divided by j?
7
Let c(p) = 2*p**2 - 19*p - 4. Let h be c(5). Let j = h - -55. Suppose m + 3 = j. What is the remainder when 3 is divided by m?
0
Let c(k) = -3*k + 23. Let f(v) = -16 + 3*v - 7 - 3*v + 3*v. Let p(m) = 6*c(m) + 5*f(m). What is the remainder when 85 is divided by p(-7)?
41
Let i = -3980 - -7148. Suppose -i = -21*y + 2523. Calculate the remainder when y is divided by 34.
33
Let h(g) = -3*g + 18. Let q be h(16). Let b be 20/(-8)*q/25. Suppose -21 = -b*i + w, 3*i + 3*w - 8*w - 9 = 0. What is the remainder when 39 is divided by i?
7
Let r = -84 + 208. Suppose 355*v - 24 = 349*v. Suppose -44 + 14 = -q + k, -r = -v*q + 5*k. What is the remainder when 50 is divided by q?
24
Let z(q) = 123*q**3 - 3*q**2 + q - 1. Calculate the remainder when 355 is divided by z(1).
115
Let x(a) = -11*a + 44. Suppose 2*o - 34 = -2*h, -4*o - 9 = -h + 3. Let g be x(h). Let z = -117 - g. Calculate the remainder when z is divided by 11.
4
Let k(i) = -i**2 - 25*i + 182. Let v be k(6). What is the remainder when 207 is divided by (-32)/3*((-2)/v - 2)?
15
Let f be 423/94*8/(-6). Let s(t) = 3*t**2 + 12*t - 16. Calculate the remainder when 238 is divided by s(f).
18
Let s(p) = -100 + 15*p**3 - 30*p + 6*p - 8*p**3 - 8*p**3 - 13*p**2. Calculate the remainder when 260 is divided by s(-12).
40
Let b(h) = 5076*h + 9. Suppose -m + 173 = 31. Calculate the remainder when m is divided by b(0).
7
Let l = 1867 - 1782. What is the remainder when 4673 is divided by l?
83
Suppose -4*r + 653 + 351 = 0. Let k = r + -215. What is the remainder when 179 is divided by k?
35
Let r be (3/2)/((-69)/(-92)). Suppose -2*p - 1236 + 58 = -4*u, -u = -r*p - 293. Calculate the remainder when u is divided by 27.
25
Suppose 2*o = 5*w - 240, -2*w + 74 = -2*o - 22. Suppose -4*f = -228 + w. Let h(z) = -z**2 - 4*z + 237. Calculate the remainder when h(-10) is divided by f.
42
Suppose 0 = -f + 3, 5*z - 3*f - 1 = -0*f. Let w = 4 - z. Calculate the remainder when (w - -4*1)/((-21)/(-56)) is divided by 5.
1
Let p(h) = -522*h - 3920. Calculate the remainder when p(-10) is divided by 31.
29
Suppose 5*k - 99*f + 100*f - 76 = 0, 0 = -2*k - 3*f + 7. What is the remainder when 10196 is divided by k?
13
Let h(x) = 3*x**2 - 99*x - 109. Let l(y) = 2*y**2 - 67*y - 73. Let r(k) = -5*h(k) + 7*l(k). Calculate the remainder when r(20) is divided by 31.
30
Calculate the remainder when -1715*((-512)/(-896))/((-10)/7) is divided by 681.
5
Calculate the remainder when 5187/14 - 5/50*5 is divided by 36.
10
Calculate the remainder when (0 - 76/(-19)) + 711 is divided by 74.
49
Calculate the remainder when 2/(-3) + (41814/27 - -8) is divided by 58.
48
Suppose 6*n - 7*n + 5*f = -139, n - 4*f = 133. Calculate the remainder when 256 is divided by n.
38
Let i = 5901 + -5745. What is the remainder when i is divided by 84?
72
Let h = 3591 + -1193. Calculate the remainder when h is d